{"id":1006,"date":"2018-03-03T13:01:13","date_gmt":"2018-03-03T13:01:13","guid":{"rendered":"http:\/\/klangfestivalen.no\/?page_id=1006"},"modified":"2023-12-01T21:02:20","modified_gmt":"2023-12-01T21:02:20","slug":"klangfestivalen-2017","status":"publish","type":"page","link":"https:\/\/klangfestivalen.no\/?page_id=1006","title":{"rendered":"Klangfestivalen 2017"},"content":{"rendered":"<p>&nbsp;<\/p>\n<p><a href=\"https:\/\/klangfestivalen.no\/wp-content\/uploads\/2023\/12\/IMG_2112-e1701462351510.jpg\"><img loading=\"lazy\" decoding=\"async\" class=\" wp-image-1894 aligncenter\" src=\"https:\/\/klangfestivalen.no\/wp-content\/uploads\/2023\/12\/IMG_2112-e1701462351510-225x300.jpg\" alt=\"IMG_2112\" width=\"333\" height=\"444\" srcset=\"https:\/\/klangfestivalen.no\/wp-content\/uploads\/2023\/12\/IMG_2112-e1701462351510-225x300.jpg 225w, https:\/\/klangfestivalen.no\/wp-content\/uploads\/2023\/12\/IMG_2112-e1701462351510.jpg 480w\" sizes=\"auto, (max-width: 333px) 100vw, 333px\" \/><\/a><\/p>\n<p>&nbsp;<\/p>\n<p>Den fjerde Klangfestivalen 10-13. august gikk av stabelen i sol, vind og regn &#8211; det siste s\u00e6rlig da vi plantet et Luther-tre!<\/p>\n<p>Etter fire \u00e5r med festival har vi l\u00e6rt et og annet. For eksempel at vi gjerne h\u00f8rer artister om igjen. At vi m\u00e5 bruke mikrofoner (eller ikke selge mer enn 50 billetter pr konsert). At ikke alt m\u00e5 bli st\u00f8rre, blankere, dyrere, mer. At det som kan snekres hjemme skal snekres hjemme. At det skal v\u00e6re kort avstand mellom musikere, publikum og alle oss som lager festival. At n\u00e5r artister og publikum m\u00f8tes i et akustisk klangrom er alle med p\u00e5 \u00e5 forme lydopplevelsen, ogs\u00e5 m\u00e5kene utenfor, vinden og kanskje regnet.<\/p>\n<p>Sinikka Langeland, Schola Sanctae Sunnivae, Henning Sommerro, Hayden Powell, Edvard Hoem, Atle Hammer\u00f8 og Daniel Herskedal var blant dem som sto p\u00e5 festivalscenen i 2017.<\/p>\n<p>Se <a href=\"http:\/\/klangfestivalen.no\/?page_id=715\">program<\/a>\u00a0og <a href=\"http:\/\/klangfestivalen.no\/?page_id=728\">artistliste<\/a>\u00a0her.<\/p>\n<p>&nbsp;<\/p>\n<p><a href=\"https:\/\/klangfestivalen.no\/wp-content\/uploads\/2023\/12\/2017-08-11-19.51.57.jpg\"><img loading=\"lazy\" decoding=\"async\" class=\" wp-image-1897 aligncenter\" src=\"https:\/\/klangfestivalen.no\/wp-content\/uploads\/2023\/12\/2017-08-11-19.51.57-300x225.jpg\" alt=\"2017-08-11 19.51.57\" width=\"317\" height=\"238\" srcset=\"https:\/\/klangfestivalen.no\/wp-content\/uploads\/2023\/12\/2017-08-11-19.51.57-300x225.jpg 300w, https:\/\/klangfestivalen.no\/wp-content\/uploads\/2023\/12\/2017-08-11-19.51.57-768x576.jpg 768w, https:\/\/klangfestivalen.no\/wp-content\/uploads\/2023\/12\/2017-08-11-19.51.57-1024x768.jpg 1024w\" sizes=\"auto, (max-width: 317px) 100vw, 317px\" \/><\/a><\/p>\n<p><a href=\"https:\/\/klangfestivalen.no\/wp-content\/uploads\/2023\/12\/2017-08-12-19.29.48.jpg\"><img loading=\"lazy\" decoding=\"async\" class=\"size-medium wp-image-1901 aligncenter\" src=\"https:\/\/klangfestivalen.no\/wp-content\/uploads\/2023\/12\/2017-08-12-19.29.48-300x225.jpg\" alt=\"2017-08-12 19.29.48\" width=\"300\" height=\"225\" srcset=\"https:\/\/klangfestivalen.no\/wp-content\/uploads\/2023\/12\/2017-08-12-19.29.48-300x225.jpg 300w, https:\/\/klangfestivalen.no\/wp-content\/uploads\/2023\/12\/2017-08-12-19.29.48-768x576.jpg 768w, https:\/\/klangfestivalen.no\/wp-content\/uploads\/2023\/12\/2017-08-12-19.29.48-1024x768.jpg 1024w\" sizes=\"auto, (max-width: 300px) 100vw, 300px\" \/><\/a><\/p>\n<p><a href=\"https:\/\/klangfestivalen.no\/wp-content\/uploads\/2023\/12\/2017-08-12-17.06.25-e1701462276964.jpg\"><img loading=\"lazy\" decoding=\"async\" class=\"size-medium wp-image-1900 aligncenter\" src=\"https:\/\/klangfestivalen.no\/wp-content\/uploads\/2023\/12\/2017-08-12-17.06.25-e1701462276964-225x300.jpg\" alt=\"2017-08-12 17.06.25\" width=\"225\" height=\"300\" srcset=\"https:\/\/klangfestivalen.no\/wp-content\/uploads\/2023\/12\/2017-08-12-17.06.25-e1701462276964-225x300.jpg 225w, https:\/\/klangfestivalen.no\/wp-content\/uploads\/2023\/12\/2017-08-12-17.06.25-e1701462276964-768x1024.jpg 768w\" sizes=\"auto, (max-width: 225px) 100vw, 225px\" \/><\/a><\/p>\n<p><a href=\"https:\/\/klangfestivalen.no\/wp-content\/uploads\/2023\/12\/2017-08-12-16.48.44-e1701462292846.jpg\"><img loading=\"lazy\" decoding=\"async\" class=\"size-medium wp-image-1899 aligncenter\" src=\"https:\/\/klangfestivalen.no\/wp-content\/uploads\/2023\/12\/2017-08-12-16.48.44-e1701462292846-225x300.jpg\" alt=\"2017-08-12 16.48.44\" width=\"225\" height=\"300\" srcset=\"https:\/\/klangfestivalen.no\/wp-content\/uploads\/2023\/12\/2017-08-12-16.48.44-e1701462292846-225x300.jpg 225w, https:\/\/klangfestivalen.no\/wp-content\/uploads\/2023\/12\/2017-08-12-16.48.44-e1701462292846-768x1024.jpg 768w\" sizes=\"auto, (max-width: 225px) 100vw, 225px\" \/><\/a><\/p>\n<p style=\"text-align: center;\"><a href=\"https:\/\/klangfestivalen.no\/wp-content\/uploads\/2023\/12\/2017-08-12-18.44.19-e1701463038285.jpg\"><img loading=\"lazy\" decoding=\"async\" class=\"alignnone size-medium wp-image-1903\" src=\"https:\/\/klangfestivalen.no\/wp-content\/uploads\/2023\/12\/2017-08-12-18.44.19-e1701463038285-225x300.jpg\" alt=\"2017-08-12 18.44.19\" width=\"225\" height=\"300\" srcset=\"https:\/\/klangfestivalen.no\/wp-content\/uploads\/2023\/12\/2017-08-12-18.44.19-e1701463038285-225x300.jpg 225w, https:\/\/klangfestivalen.no\/wp-content\/uploads\/2023\/12\/2017-08-12-18.44.19-e1701463038285-768x1024.jpg 768w\" sizes=\"auto, (max-width: 225px) 100vw, 225px\" \/><\/a><\/p>\n","protected":false},"excerpt":{"rendered":"<p>&nbsp; &nbsp; Den fjerde Klangfestivalen 10-13. august gikk av stabelen i sol, vind [&hellip;]<\/p>\n","protected":false},"author":1,"featured_media":0,"parent":0,"menu_order":0,"comment_status":"closed","ping_status":"closed","template":"","meta":{"footnotes":""},"class_list":["post-1006","page","type-page","status-publish","hentry"],"_links":{"self":[{"href":"https:\/\/klangfestivalen.no\/index.php?rest_route=\/wp\/v2\/pages\/1006","targetHints":{"allow":["GET"]}}],"collection":[{"href":"https:\/\/klangfestivalen.no\/index.php?rest_route=\/wp\/v2\/pages"}],"about":[{"href":"https:\/\/klangfestivalen.no\/index.php?rest_route=\/wp\/v2\/types\/page"}],"author":[{"embeddable":true,"href":"https:\/\/klangfestivalen.no\/index.php?rest_route=\/wp\/v2\/users\/1"}],"replies":[{"embeddable":true,"href":"https:\/\/klangfestivalen.no\/index.php?rest_route=%2Fwp%2Fv2%2Fcomments&post=1006"}],"version-history":[{"count":14,"href":"https:\/\/klangfestivalen.no\/index.php?rest_route=\/wp\/v2\/pages\/1006\/revisions"}],"predecessor-version":[{"id":1911,"href":"https:\/\/klangfestivalen.no\/index.php?rest_route=\/wp\/v2\/pages\/1006\/revisions\/1911"}],"wp:attachment":[{"href":"https:\/\/klangfestivalen.no\/index.php?rest_route=%2Fwp%2Fv2%2Fmedia&parent=1006"}],"curies":[{"name":"wp","href":"https:\/\/api.w.org\/{rel}","templated":true}]}}