{"id":1054,"date":"2019-04-11T15:35:35","date_gmt":"2019-04-11T15:35:35","guid":{"rendered":"http:\/\/klangfestivalen.no\/?page_id=1054"},"modified":"2019-08-13T16:01:39","modified_gmt":"2019-08-13T16:01:39","slug":"artister-2019","status":"publish","type":"page","link":"https:\/\/klangfestivalen.no\/?page_id=1054","title":{"rendered":"Artister 2019"},"content":{"rendered":"<p><a href=\"https:\/\/roligheten.com\/\" target=\"_blank\">Andr\u00e9 Roligheten<\/a> (1985), saksofonist, komponist, fra Skien<br \/>\nAndr\u00e9 har g\u00e5tt p\u00e5 jazzlinja i Trondheim og Oslo og gjort seg bemerket i duoen Albatrosh med Eyolf Dale, og band som Team Hegdal, Trondheim Jazzorkester, Gard Nilssen\u2019s Acoustic Unity og Waldemar 4 (med Trygve Waldemar Fiske). Han har jobbet med en lang rekke sentrale musikere, som Theo Bleckmann, Django Bates, Bugge Wesseltoft, Per Zanussi og Ola Kvernberg, for \u00e5 nevne noen, og har f\u00e5tt mye oppmerksomhet for albumet \u201dHomegrown\u201d fra 2017 med eget materiale og kvartett i eget navn, og \u00e5rets utgivelse &laquo;Departure&raquo; med Eyolf Dale. Andr\u00e9 spiller i inn- og utland og p\u00e5 mange plater, f\u00e5r priser, blir rost av kritikere og tatt imot av publikum for sitt varme, overraskende og inspirerte spill. Han kommer til Klangfestivalen for fjerde gang, vi h\u00f8rer ham fredag kveld med Ann Helen Moen og Atle Sponberg, og i jazzmannfolkrekka Roaldsnes Fem som spiller verkstedkonsert med tangoduoen Casal\/Ryeng l\u00f8rdag ettermiddag, og konsertgudstjeneste s\u00f8ndag.<\/p>\n<p><a href=\"http:\/\/www.nordicartistsmanagement.com\/artists\/ann-helen-moen-soprano\" target=\"_blank\">Ann Helen Moen<\/a> (1969), sopran, fra Molde<br \/>\nAnn Helen er utdannet fra Griegakademiet i Bergen og Operaakademiet i K\u00f8benhavn\u00a0f\u00f8r hun ble ansatt ved operaen i Graz, \u00d8sterrike. Hun har sunget over hele Europa og i USA, hvor hun hadde sin debut i Carnegie Hall med bl.a. Leif Ove Andsnes. Med stor stemme, sterk tilstedev\u00e6relse og overbevisende musikalitet har hun sunget mange av operaverdens store kvinneroller, som Donna Anna, Donna Elvira og Zerlina i \u201d<em>Don Giovanni\u201d<\/em><em>,<\/em> Grevinnen i\u00a0\u201d<em>Figaros bryllup\u201d<\/em>, Pamina i\u00a0\u201d<em>Tryllefl\u00f8yten\u201d<\/em>, Mimi i\u00a0\u201d<em>La boh\u00e8me\u201d<\/em>, Lauretta i\u00a0\u201d<em>Gianni Schicchi\u201d<\/em><em>\u00a0<\/em>og, i \u00e5r, Lady Macbeth p\u00e5 Operaen i Kristiansund. Hun har sunget p\u00e5 operascener i Oslo, Hannover, Z\u00fcrich, K\u00f8benhavn og Paris for \u00e5 nevne noen, og konsertscener verden rundt, som Japan, Leipzig og Bergen. Hun sang ogs\u00e5 i operaen \u201dFiskaren Rasmus og felemusikken\u201d av Knut Anders Vestad til V\u00e5g\u00f8y kyrkjes 100-\u00e5rsjubileum i 2004. Til Klangfestivalen kommer hun for tredje gang, i \u00e5r h\u00f8rer vi henne fredag kveld med Atle Sponberg, Andr\u00e9 Roligheten, Hayden Powell, Henning Sommerro og tangoduoen Casal\/Ryeng, og l\u00f8rdag kveld i \u00abEdvard Hoem 70\/50\u00bb.<\/p>\n<p><a href=\"http:\/\/www.arildhammero.no\/\" target=\"_blank\">Arild Hammer\u00f8<\/a> (1982) gitarist, vokalist, komponist, fra Hustad<br \/>\nArild og gitaren har fartstid fra hovedstadens vise- og poesimilj\u00f8, fra vidde-blues-sensasjonen Atlanter med Jens Carelius, progbluesbandet Tenderton, og som soloartist. Han har jobbet med Siri Nilsen og elektronikaduoen Ost &amp; Kjex, platedebuterte i eget navn i 2008 med albumet \u201dDagen som Gryr\u201d, og\u00a0 skrev bestillingsverket \u201dBj\u00f8rnsound\u201d til Norsk Litteraturfestival i 2010. Arild bes\u00f8kte Klangfestivalen i 2017 med duoen Hammer &amp; Hersk med Daniel Herskedal. I \u00e5r h\u00f8rer vi ham p\u00e5 Hoem grendahus l\u00f8rdag ettermiddag med Endre Ruset, Hayden Powell og nyskrevet materiale om oppvekst p\u00e5 Hustadvika.<\/p>\n<p><a href=\"http:\/\/atlesponberg.com\/\" target=\"_blank\">Atle Sponberg<\/a> (1964), fiolinist, fra Gj\u00f8vik<br \/>\nAtle studerte ved Norges Musikkh\u00f8gskole f\u00f8r turen gikk videre til Amsterdam og Salzburg. Han er en av de mest profilerte fiolinister i sin generasjon med en milelang merittliste som inkluderer konserter, turneer, plater og priser. Han har v\u00e6rt solist med Oslo Filharmoniske orkester, Kringkastingsorkesteret, Bergen Filharmoniske, Kristiansand symfoniorkester, Troms\u00f8 kammerorkester og Pori Sinfonietta i Finland, har gjestet festivaler i England, Irland, Finland, Italia, Tyskland, Danmark, Sverige, Nederland, Australia og Norge og spilt med navn som Adrian Brendel, Prya Mitchell, Christian Poltera, Kathryn Stott, Jan Erik Gustavson, Alexander Sitkovetski, Piers Lane, Henning Kraggerud, Arvid Engeg\u00e5rd, H\u00e5vard Gimse, \u00d8ystein Birkeland og Helge Iberg fra den klassiske verden, i ensembler som Vertavokvartetten, Engg\u00e5rdkvartetten og Tango for 3, og som sidemann med s\u00e5 ulike musikere som Wenche Myhre, Tine Ting Helseth, Dimmu Borgir, Vidar Busk og deLillos! Atle har ogs\u00e5 en stor lidenskap for argentinsk tango, som han har studert i Buenos Aires med fiolinlegenden Soares Paz og spilt i flere \u00e5r med akkordeonist Frode Haltli. Atle spiller p\u00e5 en fiolin laget av Giovanni Battista Guadagnini i Milano i 1752, utl\u00e5nt av Sparebankstiftelsen. Han kommer til Klangfestivalen for andre gang og vi h\u00f8rer ham fredag kveld med Ann Helen Moen og tangoduoen Casal\/Ryeng, og l\u00f8rdag kveld i konserten \u00abEdvard Hoem 70\/50\u00bb.<\/p>\n<p><a href=\"https:\/\/no.wikipedia.org\/wiki\/Berit_Opheim\" target=\"_blank\">Berit Opheim<\/a> (1967), sanger, fra Voss<br \/>\nBerit er utdannet ved Bergen Musikkonservatorium og Norges Musikkh\u00f8gskole. Hun var frontfigur i jazz\/folkemusikkbandet Orleysa og solist i Bergen Domkantori, men det er som folkesanger og kveder hun har gjort seg mest bemerket, med Spelemann-nominasjon for debutalbumet \u00abEitt steg\u00bb (1996), utgivelser med bandet Utla med Karl Seglem, folkemusikkversjonen av Tryllefl\u00f8yten (2004), trioen BNB med Nils \u00d8kland og Bj\u00f8rn Kjellemyr, og Gammleng-prisen i klassisk folkemusikk i 2003. Samarbeidet med Karl Seglem g\u00e5r tilbake til debutalbumet og inkluderer flere plateutgivelser og mange konsertprosjekter. Berit fornyer alt hun synger, med innlevelse og overbevisende musikalitet. Hun kommer til Klangfestivalen for f\u00f8rste gang, vi h\u00f8rer henne p\u00e5 \u00e5pningskonserten &laquo;Nye Nord&raquo; fredag med Karl Seglem, Sigurd Hole, Tore Sandbakken og elever fra Fr\u00e6na kulturskule, og i avslutningskonserten \u00abDraumkvedet\u00bb s\u00f8ndag med Karl Seglem og K\u00e5re Nordstoga.<\/p>\n<p><a href=\"https:\/\/dagfilip.wordpress.com\/\" target=\"_blank\">Dag-Filip Roaldsnes<\/a> (1984), jazzpianist, komponist, arrang\u00f8r, fra Valder\u00f8y<br \/>\nDag-Filip fant tidlig veien til Ungjazz i \u00c5lesund, og videre til jazzstudier ved Norges Musikkh\u00f8gskole. Han har jobbet med folk som Karl Seglem, Frode Haltli, Anja Skybakmoen og Hanna Paulsberg, spilt med The Margarets og \u00c5lesund Strykekvartett, Mats Eilertsen og K\u00e5re Nymark jr, Nils-\u00d8ivind Haagensen og Edvard Hoem, og gjort seg bemerket med bandprosjekter og to album i eget navn \u2013 det tredje er rett rundt svingen. Med musikalsk bakgrunn fra bedehus og jazz til europeisk kunstmusikk maler Dag-Filip med mange farger i paletten. Han har spilt p\u00e5 Klangfestivalen siden starten i 2014, som solist, bandleder og komponist. P\u00e5 \u00e5rets festival h\u00f8rer vi ham som leder for jazzstjernelaget Roaldsnes Fem, som spiller verkstedkonsert med tangoduoen Casal\/Ryeng l\u00f8rdag ettermiddag, og konsertgudstjeneste s\u00f8ndag.<\/p>\n<p><a href=\"https:\/\/no.wikipedia.org\/wiki\/Edvard_Hoem\" target=\"_blank\">Edvard Hoem<\/a> (1949), forfatter, fra Hoem<br \/>\nEdvard er en av landets mest respekterte og leste forfattere. Oppvokst p\u00e5 Hoem noen steinkast fra V\u00e5g\u00f8y kyrkje m\u00f8tte han bibelen i barndomshjemmet, eksistensialismen og verdenslitteraturen som ten\u00e5ring i Molde, teatret og den politiske radikaliseringen som student i Oslo. Forfatterskapet begynte med poesi, gikk videre til romaner, skuespill, librettoer, sanger, salmer, gjendiktninger, ikke minst av Shakespeare, biografier, essays. Han er prisbel\u00f8nt, kritikerrost og etterspurt, og har bes\u00f8kt de fleste byer, tettsteder, veikryss, knauser og nes i landet. De siste \u00e5rene har han skrevet romaner om de som utvandret til Amerika og de som ble hjemme. Edvard har hatt ulike litter\u00e6re og musikalske programmer p\u00e5 Klangfestivalen siden starten i 2014. I \u00e5r er Edvard 70 \u00e5r samtidig som det er 50 \u00e5r siden han debuterte som forfatter. Festivalen markerer dobbeltjubileet med en salmekonsert torsdag kveld og en festkonsert l\u00f8rdag kveld, begge med Edvard som hovedperson.<\/p>\n<p>Elever fra <a href=\"https:\/\/www.frana.kommune.no\/tjenester\/kultur-og-fritid\/kulturskolen\/\" target=\"_blank\">Fr\u00e6na kulturskule<\/a><br \/>\nFor andre \u00e5r p\u00e5 rad samarbeider festivalen med Fr\u00e6na kulturskule, i en rekke seminarer og en festivalkonsert. \u00c5rets elevensemble er en livlig og sammensatt gjeng som har jobbet med Karl Seglem gjennom v\u00e5ren, og spiller \u00e5pningskonsert fredag med Berit Opheim, Karl Seglem, Sigurd Hole og Tore Sandbakken.<\/p>\n<p><a href=\"https:\/\/www.facebook.com\/Cinderella3179\" target=\"_blank\">Ellen Schi\u00f8tt <\/a>(1979), prest, fra Namsos og Vestnes<br \/>\nEllen har studert b\u00e5de teologi, medisin, historie og hebraisk, og har jobbet som prestevikar i M\u00f8re bisped\u00f8mme i fire og et halt \u00e5r, ett av dem i Fr\u00e6na. Ellen kommer fra en familie med musikere i flere generasjoner og har selv lang fartstid som korsanger, i Schola Cantorums ungdomskor (Molde), Nidarosdomens oratoriekor (Trondheim), Majorstua kammerkor og Filharmonisk kor (Oslo). Ellen kommer til Klangfestivalen for f\u00f8rste gang, vi h\u00f8rer henne som liturg p\u00e5 konsertgudstjenesten s\u00f8ndag.<\/p>\n<p><a href=\"https:\/\/no.wikipedia.org\/wiki\/Endre_Ruset\" target=\"_blank\">Endre Ruset<\/a> (1981), poet, fra Molde<br \/>\nEndre har oppvekst og skolegang fra Molde, gikk p\u00e5 Buskerud folkeh\u00f8gskole, Skrivekunstakademiet i Hordaland og Universitetet i Bergen. Han har v\u00e6rt involvert i Bj\u00f8rnsonfestivalen siden 1992, de f\u00f8rste \u00e5rene som frivillig. Siden forfatterdebuten samme \u00e5r med den kritikerroste diktsamlingen \u00abRibbeinas vingespenn\u00bb har han utgitt dikt, f\u00e5tt Bj\u00f8rnson-stipend, ledet Norsk Litteraturfestival (Sigrid Undset-dagene) fra 2009 til 2011 og h\u00f8stet anerkjennelse for nyskapende spr\u00e5k og personlige sansinger. Endre kommer til Klangfestivalen for f\u00f8rste gang, vi h\u00f8rer ham l\u00f8rdag ettermiddag p\u00e5 Hoem grendahus med Arild Hammer\u00f8 og nytt materiale om oppvekst p\u00e5 Hustadvika.<\/p>\n<p><a href=\"http:\/\/www.frana.kyrkja.no\/Kontakt\" target=\"_blank\">Finn Ove Kaldhol<\/a> (1952), sokneprest, fra Ulstein<br \/>\nFinn Ove tok artium i Volda og studerte teologi ved Misjonsh\u00f8gskolen i Stavanger. Han har arbeidet i Det Norske Misjonsselskap i 30 \u00e5r, 18 av dem i Kamerun, som han fremdeles farter til. Han har v\u00e6rt sokneprest i V\u00e5g\u00f8y og Myrbostad sokn siden 2011 og har hatt en h\u00e5nd p\u00e5 rattet siden festivalstart, b\u00e5de i overf\u00f8rt og konkret betydning. I \u00e5r h\u00f8rer vi ham i konsertgudstjenesten s\u00f8ndag.<\/p>\n<p><a href=\"https:\/\/www.facebook.com\/gunnsisselbakken.haseth\" target=\"_blank\">Gunn Sissel Bakken H\u00e5seth<\/a> (1967), kantor, dirigent, fra Kvernes<br \/>\nGunn Sissel studerte kirkemusikk ved Musikkonservatoriet i Trondheim og har v\u00e6rt kantor i V\u00e5g\u00f8y og Fr\u00e6na siden 1997. Gunn Sissel har trukket i festivaltr\u00e5dene siden starten i 2014, og leder festivalens eget Klangkor som vi h\u00f8rer p\u00e5 salmekonserten torsdag kveld, jubileumskonserten &laquo;Edvard Hoem 70\/50&raquo; l\u00f8rdag kveld, og konsertgudstjenesten s\u00f8ndag.<\/p>\n<p><a href=\"https:\/\/haydenpowell.com\/\" target=\"_blank\">Hayden Powell<\/a> (1983), trompeter, komponist, engelskmann fra Molde<br \/>\nHayden tr\u00e5dte sine musikerbarnesko i korpsmilj\u00f8et i Molde og tradjazz-bandet Dixi. Siden ble det jazzlinjer i Trondheim og Oslo, kritikerroste prosjekter og plater, mange jern i ilden og stor suksess i inn- og utland. Med original, leken og dynamisk kammerjazz har Hayden Powell Trio spilt konserter og p\u00e5 festivaler over hele landet, og utgitt kritikerroste plater, sist fjor\u00e5rets \u201dSix Comissions\u201d. Samtidig har Hayden spilt i prosjekter med Ola Kvernberg, Albatrosh (med Andr\u00e9 Roligheten), Trondheim Jazzorkester og Valkyrien Allstars, og med folk som Natacha Atlas og Solfrid Molland. Hayden kommer til Klangfestivalen for fjerde gang, vi h\u00f8rer ham sammen med makker Andr\u00e9 i fredagens kveldskonsert med Ann Helen Moen, Atle Sponberg, Henning Sommerro og tangoduoen Casal\/Ryeng, p\u00e5 kaf\u00e9konsert p\u00e5 Grendahuset med Arild Hammer\u00f8 og Endre Ruset, og i Roaldsnes Fem, som spiller verkstedkonsert med\u00a0 Casal\/Ryeng l\u00f8rdag ettermiddag, jubileumskonserten &laquo;Edvard Hoem 70\/50&raquo; l\u00f8rdag kveld, og konsertgudstjeneste s\u00f8ndag.<\/p>\n<p><a href=\"https:\/\/no.wikipedia.org\/wiki\/Henning_Sommerro\" target=\"_blank\">Henning Sommerro <\/a>(1952), komponist, artist, multiinstrumentalist, fra Surnadal<br \/>\nSiden gjennombruddet med V\u00e5rs\u00f8g i 1977 har Henning f\u00f8ket inn- og utland rundt i alle slags konstellasjoner og p\u00e5 egen h\u00e5nd. Han har spilt med de fleste, kjente og ukjente, Erik Bye og Sigmund Groven, John P\u00e5l Inderberg og Bj\u00f8rn Alterhaug, Arve Tellefsen og Palle Mikkelborg, \u00c5ge Alexandersen og Trondheimsolistene for \u00e5 nevne noen. Han har skrevet en lang rekke verk for teater, film, kor og ulike ensembler, messer, salmer \u2013 mange med Edvard Hoem &#8211; og en samling sanger som for lengst har blitt allemannseie. Henning lager musikkfest med b\u00e5de h\u00f8ytid og fyrverkeri hvor han enn viser seg, og er ikke lei av landeveien enn\u00e5. Han spiller p\u00e5 Klangfestival for femte gang, denne gangen h\u00f8rer vi ham p\u00e5 salmekvelden torsdag, og \u00abEdvard Hoem 70\/50\u00bb l\u00f8rdag kveld.<\/p>\n<p><a href=\"http:\/\/hildebrunsvik.no\/\" target=\"_blank\">Hilde Brunsvik<\/a> (1959), sanger, l\u00e5tskriver, forfatter, fra Moss<br \/>\nHilde synger egne og andres l\u00e5ter i et veikryss hvor jazz m\u00f8ter soul og blues. Hun er utdannet idehistoriker fra Universitet i Oslo og sanger fra Complete Vocal Institute i K\u00f8benhavn, har publisert noveller, romaner og en musikerbiografi, og utgitt flere album med egen og andres musikk. Hilde er Klangfestivalens grunnlegger, sjef og bakkemannskap, og vi h\u00f8rer henne i festkonserten for Edvard Hoem l\u00f8rdag kveld.<\/p>\n<p><a href=\"https:\/\/www.facebook.com\/janarve.dyrnes\" target=\"_blank\">Jan Arve Dyrnes<\/a> (1973), varaordf\u00f8rer i Fr\u00e6na, fra Tornes<br \/>\nJan Arve er varaordf\u00f8rer i Fr\u00e6na og arbeiderpartipolitiker med offentlige byggesaker og den forest\u00e5ende kommunesammensl\u00e5ingen som viktige arbeidsfelt. Han var sentral i koordineringen av kommunens redningsarbeid da cruiseskipet Viking Sky havarerte i Hustadvika i mars i \u00e5r. Jan Arve kommer til Klangfestivalen for f\u00f8rste gang, og \u00e5pner festivalen fredag.<\/p>\n<p><a href=\"https:\/\/www.karlseglem.no\/\" target=\"_blank\">Karl Seglem<\/a> (1961), saksofonist, komponist, poet, fra \u00c5rdalstangen<br \/>\nKarl fikk overlevert en saksofon p\u00e5 en korps\u00f8ving, med greptabell og beskjed om \u00e5 g\u00e5 hjem og finne ut hvordan han lagde lyd i dette instrumentet. Det fant han ut, siden har han skapt sitt eget s\u00e6regne musikalske landskap med impulser fra frijazz, nordiske folketoner og noe som renner i dypet og kanskje ikke har noe sjangernavn. Musikken har f\u00f8rt ham til samarbeid med\u00a0en lang rekke framst\u00e5ende musikere, som H\u00e5kon H\u00f8gemo, Andreas Ulvo, K\u00e5re Opheim, Arve Henriksen, Berit Opheim, Terje Isungset, Jon Eberson og Daniel Herskedal. Han platedebuterte i 1983 med medelev fra Voss Folkeh\u00f8gskule, n\u00e5 avd\u00f8de Kenneth Sivertsen, siden har det blitt\u00a0en lang rekke kritikerroste plater,\u00a0konserter over store deler av verden,\u00a0diverse Spellemann-nominasjoner, eget plateselskap, det velrenommerte NORCD, i tillegg til flere diktsamlinger og barneb\u00f8ker. Tretti \u00e5r etter at saksofonen ble stukket i hendene hans, kom et nytt instrument. Etter en konsert ga en mann ham et bukkehorn med ordene &laquo;ditta ska du ha&raquo;. S\u00e5 var det \u00e5 g\u00e5 i gang igjen. Karl spiller p\u00e5 Klangfestival for fjerde gang, vi h\u00f8rer ham p\u00e5 \u00e5pningskonserten fredag med Berit Opheim og elever fra Fr\u00e6na kulturskule, og p\u00e5 avslutningskonsert \u00abDraumkvedet\u00bb p\u00e5 s\u00f8ndag, med Berit Opheim og K\u00e5re Nordstoga.<\/p>\n<p>Klangkoret<br \/>\nKlangkoret best\u00e5r av lokale og litt mindre lokale sangere som til vanlig synger i noen av de mange dyktige amat\u00f8rkorene i regionen. Klangkoret har bidratt med stemmer, farger og liv ved konserter og konsertgudstjenester siden festivalstart i 2014. Koret ledes av V\u00e5g\u00f8y kyrkjes egen kantor Gunn Sissel Bakken H\u00e5seth, og kan h\u00f8res p\u00e5 salmekonserten torsdag kveld, p\u00e5 jubileumskonserten &laquo;Edvard Hoem 70\/50&raquo; l\u00f8rdag kveld, og p\u00e5 konsertgudstjenesten s\u00f8ndag.<\/p>\n<p><a href=\"https:\/\/no.wikipedia.org\/wiki\/K%C3%A5re_Nordstoga\" target=\"_blank\">K\u00e5re Nordstoga <\/a>(1954), organist, komponist, arrang\u00f8r, fra Notodden<br \/>\nK\u00e5re fant veien til orgelkrakken i tidlig barndom og har siden holdt seg der. Han har studert ved Norges Musikkh\u00f8gskole og i England, og har v\u00e6rt domorganist i Oslo domkirke siden 1984. K\u00e5re er etterspurt over hele Europa og har tett kalender, spiller konsert i Notre Dame og begravelse for en bostedsl\u00f8s i Oslo med samme innsats, har f\u00e5tt Spellemannpris og Lindemannpris og er sl\u00e5tt til ridder av St. Olavs orden, er en av samtidens betydeligste Bach-tolkere b\u00e5de p\u00e5 plate og konsert, samarbeider med eliten i norsk musikkliv og utallige amat\u00f8rkor og \u2013musikere landet rundt, b\u00e5de i den klassiske tradisjonen og innen folkemusikken. K\u00e5re har tidligere spilt b\u00e5de Bach og Seglem p\u00e5 festivalen, og var ogs\u00e5 med i operaen \u201dFiskaren Rasmus og felemusikken\u201d av Knut Anders Vestad, til V\u00e5g\u00f8y kyrkjes 100-\u00e5rsjubileum i 2004. K\u00e5re kommer til Klangfestivalen for femte gang og vi h\u00f8rer ham i konsertgudstjenesten s\u00f8ndag, og avslutningskonserten \u00abDraumkvedet\u00bb samme dag, med Berit Opheim og Karl Seglem.<\/p>\n<p><a href=\"https:\/\/www.facebook.com\/martin.casal.509\" target=\"_blank\">Martin Casal<\/a> (1984), gitarist, fra Buenos Aires<br \/>\nMart\u00edn beskriver tangokulturen som et spr\u00e5k han l\u00e6rte ved \u00e5 observere og lytte mens han gikk gjennom gatene i Buenos Aires, vandret i parkene, hang p\u00e5 kafeene. Med en bestemor som spilte bandoneon og en far som sang tango ved festlige anledninger var det n\u00e6rliggende \u00e5 velge musikken som livsvei. Han har studert gitar ved flere konservatorier i Buenos Aires, tilbragt lange kvelder og netter med improvisasjon og akkompagnement av sangere p\u00e5 Buenos Aires\u2019 mange kafeer, spilt inn to album med bandet \u201dVa de Nuevo\u201d og v\u00e6rt p\u00e5 flere Europa-turn\u00e9er med forskjellige grupper, i tillegg til \u00e5 spille jevnlig p\u00e5 konsertscener og tangoklubber i Argentinas hovedstad. Martin kommer til Klangfestivalen for f\u00f8rste gang, som halvparten av duoen Casal\/Ryeng med bandoneonist \u00c5sbj\u00f8rg Ryeng, og er festivalens aller f\u00f8rste utenlandsgjest. Vi h\u00f8rer ham fredag kveld med Ann Helen Moen og Atle Sponberg, og i verkstedkonserten med Roaldsnes Fem l\u00f8rdag ettermiddag.<\/p>\n<p><a href=\"https:\/\/www.frana.kommune.no\/tjenester\/kultur-og-fritid\/kulturskolen\/om-oss\/var-visjon\/\" target=\"_blank\">Randi Anita Dale<\/a>, kornettist<br \/>\nRandi Anita startet sin musikerkarriere i skolekorpset i Elnesv\u00e5gen, i Fr\u00e6na Musikkorps og Molde Brassband. Hun studerte til Bachelor og Master i kornett p\u00e5 University of Salford i England med l\u00e6rer og mentor David King, og spilte i flere \u00e5r i et av Englands mest ber\u00f8mte brass band, Foden band, p\u00e5 konserter og turneer i hele Europa, inkludert flere konserter i legendariske Royal Albert Hall. Etter \u00e5tte \u00e5r i England vendte hun hjem til Fr\u00e6na og jobben som kulturskolerektor og skolekorpsdirigent p\u00e5 Tingvoll, f\u00f8r hun i 2017 begynte som kulturskole-rektor i Fr\u00e6na kommune. Ved siden av rektorjobben dirigerer hun Fr\u00e6na brass band, spiller principal i Molde Brassband, underviser og gj\u00f8r freelanceoppdrag som kornettist. Randi Anita spiller p\u00e5 Klangfestivalen for f\u00f8rste gang, vi h\u00f8rer henne i salmekonserten torsdag kveld med Edvard Hoem, Henning Sommerro og Klangkoret ledet av Gunn Sissel Bakken H\u00e5seth.<\/p>\n<p><a href=\"http:\/\/www.sigurdhole.no\/\" target=\"_blank\">Sigurd Hole<\/a> (1981), bassist og komponist, fra Rendalen<br \/>\nSigurd spilte fiolin fra han var seks, men byttet ut fiolinen med et litt st\u00f8rre strengeinstrument, kontrabassen, da han var tretten. Siden har han gjort seg gjeldende med innovativ og original tiln\u00e6rming til instrumentet, sterkt influert av tradisjonsmusikk. Han spiller i ensembler som Tord Gustavsen trio\/kvartett og Eple Trio, med musikere som Bugge Wesseltoft, Karl Seglem, Helge Lien, Jon Eberson, Trygve Seim, Nils \u00d8kland og Eli Storbekken. Sigurd har utgitt mer enn 30 album og turnert over store deler av verden, i Japan, India, Australia, New Zealand, Tyrkia, Tyskland, Storbritannia, Frankrike og Brasil. I 2018 lanserte han ogs\u00e5 solo- og trioprosjekt i eget navn med de kritikerroste albumene \u00abElvesang\u00bb og \u00abEncounters\u00bb. Sigurd kommer til Klangfestivalen for f\u00f8rste gang, vi h\u00f8rer ham sammen med Berit Opheim, Karl Seglem og elver fra Fr\u00e6na kulturskule p\u00e5 \u00e5pningkonserten fredag.<\/p>\n<p><a href=\"https:\/\/www.toresandbakken.com\/\" target=\"_blank\">Tore Sandbakken<\/a> (1985), perkusjonist, komponist, produsent, fra Trondheim<br \/>\nTores f\u00f8rste musikalske kj\u00e6rlighet var Steely Dan og The Beatles f\u00f8r han fant fram til jazzen og den improviserte musikken. Han er utdannet ved Norges Musikkh\u00f8gskole og Rytmisk Musikkonservatorium i K\u00f8benhavn, og er en allsidig og etterspurt perkusjonist med konserter i Norge, Europa, Japan og USA, med band som Mapping Oceans, Dag-Filip Roaldsnes Ensemble, Odd Steinar Albrigtsen Quintet, Speakeasy, Aphrodisiac og Bergljot. Han har jobbet med musikere som Jens Carelius, Jan Vard\u00f8en, Nils Petter Molv\u00e6r, Arrigo Cappelletti og Stein Bull-Hansen, en Spellemann-nominasjon har det ogs\u00e5 blitt. Siden 2018 har Tore ogs\u00e5 v\u00e6rt ansatt som produsent for Jazzfest Trondheim. Tore har spilt p\u00e5 Klangfestivalen siden starten i 2014, i \u00e5r h\u00f8rer vi ham p\u00e5 \u00e5pningskonserten fredag med Berit Opheim, Karl Seglem og elever fra Fr\u00e6na kulturskule, og i stjernerekka Roaldsnes Fem, som spiller verkstedkonsert med tangoduoen Casal\/Ryeng l\u00f8rdag ettermiddag, og konsertgudstjeneste s\u00f8ndag.<\/p>\n<p><a href=\"https:\/\/no.wikipedia.org\/wiki\/Trygve_Waldemar_Fiske\" target=\"_blank\">Trygve Waldemar Fiske<\/a> (1987), bassist, fra Frei<br \/>\nTrygve fant en elbass i kjelleren i barndomshjemmet, siden har det v\u00e6rt ham og bassen. Han har g\u00e5tt jazzlinja i Trondheim og Oslo, f\u00e5tt Shellstipend og jobbet med folk som John P\u00e5 Inderberg, Heidi Skjerve og Ine Hoem, og er fast medlem i Hanna Paulsberg Concept. Siden 2014 har han ledet den kritikerroste kvartetten Waldemar 4, med blant andre Andr\u00e9 Roligheten. Trygve spiller med groove, oppfinnsomhet og varme, og har spilt \u00e5rlig p\u00e5 Klangfestivalen siden 2015. I \u00e5r st\u00e5r han i jazzmannfolkrekka Roaldsnes Fem og spiller verkstedkonsert med tangoduoen Casal\/Ryeng l\u00f8rdag ettermiddag, og konsertgudstjeneste s\u00f8ndag.<\/p>\n<p><a href=\"https:\/\/www.facebook.com\/people\/%C3%85sbj%C3%B8rg-Ryeng\/643921240\" target=\"_blank\">\u00c5sbj\u00f8rg Ryeng<\/a> (1992), bandoneonist, fra Trondheim<br \/>\n\u00c5sbj\u00f8rg studerte det argentinske tangotrekkspillet bandoneon p\u00e5 Norges Musikkh\u00f8gskole hos Per Arne Glorvigen, en av v\u00e5re fremste ut\u00f8vere p\u00e5 instrumentet, og spiller i flere av landets ledende tangoband, som Tangueros del Norte og Los Osos Polares (Isbj\u00f8rnene), har v\u00e6rt med i prosjekter med Kringkastingsorkesteret og Trondheim symfoniorkester, og i musikalen \u201dEvita\u201d p\u00e5 Det Norske Teatret. Hun har hatt flere studieopphold i Buenos Aires hvor hun har hun tatt timer med noen av verdens fremste bandoneonister som Juan Jos\u00e9 Mosalini, Julio Pane og Pablo Mainetti. \u00c5sbj\u00f8rg kommer til Klangfestivalen for andre gang, etter \u00e5 ha spilt seg inn i alles hjerter i fjor med overbevisende og leken musikalitet. I \u00e5r h\u00f8rer vi henne som del av tangoduoen Casal\/Ryeng med Ann Helen Moen og Atle Sponberg fredag kveld, og i verkstedkonserten med Roaldsnes Fem l\u00f8rdag ettermiddag.<\/p>\n<p>&nbsp;<\/p>\n","protected":false},"excerpt":{"rendered":"<p>Andr\u00e9 Roligheten (1985), saksofonist, komponist, fra Skien Andr\u00e9 har g\u00e5tt p\u00e5 jazzlinja i [&hellip;]<\/p>\n","protected":false},"author":1,"featured_media":0,"parent":0,"menu_order":0,"comment_status":"closed","ping_status":"closed","template":"","meta":{"footnotes":""},"class_list":["post-1054","page","type-page","status-publish","hentry"],"_links":{"self":[{"href":"https:\/\/klangfestivalen.no\/index.php?rest_route=\/wp\/v2\/pages\/1054","targetHints":{"allow":["GET"]}}],"collection":[{"href":"https:\/\/klangfestivalen.no\/index.php?rest_route=\/wp\/v2\/pages"}],"about":[{"href":"https:\/\/klangfestivalen.no\/index.php?rest_route=\/wp\/v2\/types\/page"}],"author":[{"embeddable":true,"href":"https:\/\/klangfestivalen.no\/index.php?rest_route=\/wp\/v2\/users\/1"}],"replies":[{"embeddable":true,"href":"https:\/\/klangfestivalen.no\/index.php?rest_route=%2Fwp%2Fv2%2Fcomments&post=1054"}],"version-history":[{"count":23,"href":"https:\/\/klangfestivalen.no\/index.php?rest_route=\/wp\/v2\/pages\/1054\/revisions"}],"predecessor-version":[{"id":1120,"href":"https:\/\/klangfestivalen.no\/index.php?rest_route=\/wp\/v2\/pages\/1054\/revisions\/1120"}],"wp:attachment":[{"href":"https:\/\/klangfestivalen.no\/index.php?rest_route=%2Fwp%2Fv2%2Fmedia&parent=1054"}],"curies":[{"name":"wp","href":"https:\/\/api.w.org\/{rel}","templated":true}]}}