{"id":1091,"date":"2019-06-29T12:30:26","date_gmt":"2019-06-29T12:30:26","guid":{"rendered":"http:\/\/klangfestivalen.no\/?page_id=1091"},"modified":"2023-12-01T22:04:35","modified_gmt":"2023-12-01T22:04:35","slug":"klangfestivalen-2018","status":"publish","type":"page","link":"https:\/\/klangfestivalen.no\/?page_id=1091","title":{"rendered":"Klangfestivalen 2018"},"content":{"rendered":"<p>&nbsp;<\/p>\n<p><a href=\"https:\/\/klangfestivalen.no\/wp-content\/uploads\/2023\/12\/2018-08-17-19.01.09-e1701465767905.jpg\"><img loading=\"lazy\" decoding=\"async\" class=\"size-medium wp-image-1913 aligncenter\" src=\"https:\/\/klangfestivalen.no\/wp-content\/uploads\/2023\/12\/2018-08-17-19.01.09-e1701465767905-225x300.jpg\" alt=\"2018-08-17 19.01.09\" width=\"225\" height=\"300\" srcset=\"https:\/\/klangfestivalen.no\/wp-content\/uploads\/2023\/12\/2018-08-17-19.01.09-e1701465767905-225x300.jpg 225w, https:\/\/klangfestivalen.no\/wp-content\/uploads\/2023\/12\/2018-08-17-19.01.09-e1701465767905-768x1024.jpg 768w\" sizes=\"auto, (max-width: 225px) 100vw, 225px\" \/><\/a><\/p>\n<p>Den sjette Klangfestivalen 17-19. august var \u00e5ret med mange kulturskole-elever og liv og r\u00f8re, det \u00e5ret Atle Sponberg og \u00c5sbj\u00f8rg Ryeng spilte tango for f\u00f8rste gang i V\u00e5g\u00f8y kyrkje, det \u00e5ret Henning Sommerro sang Sommero-sanger med jazzstjernerekke Roaldsnes Fem, det \u00e5ret\u00a0Ann Helen Moen, Atle Sponberg, Edvard Hoem, Henning Sommerro og K\u00e5re Nordstoga\u00a0spilte Griegs og Garborgs &laquo;Haugtussa&raquo;.<\/p>\n<p style=\"text-align: left;\">Se\u00a0<a href=\"http:\/\/klangfestivalen.no\/?page_id=905\">program<\/a> og <a href=\"http:\/\/klangfestivalen.no\/?page_id=905\">artistliste<\/a>\u00a0her.<\/p>\n<p>\u00a0<a href=\"https:\/\/klangfestivalen.no\/wp-content\/uploads\/2023\/12\/2018-08-17-19.02.03.jpg\"><img loading=\"lazy\" decoding=\"async\" class=\"size-medium wp-image-1918 aligncenter\" src=\"https:\/\/klangfestivalen.no\/wp-content\/uploads\/2023\/12\/2018-08-17-19.02.03-300x225.jpg\" alt=\"2018-08-17 19.02.03\" width=\"300\" height=\"225\" srcset=\"https:\/\/klangfestivalen.no\/wp-content\/uploads\/2023\/12\/2018-08-17-19.02.03-300x225.jpg 300w, https:\/\/klangfestivalen.no\/wp-content\/uploads\/2023\/12\/2018-08-17-19.02.03-768x576.jpg 768w, https:\/\/klangfestivalen.no\/wp-content\/uploads\/2023\/12\/2018-08-17-19.02.03-1024x768.jpg 1024w\" sizes=\"auto, (max-width: 300px) 100vw, 300px\" \/><\/a><\/p>\n<p><a href=\"https:\/\/klangfestivalen.no\/wp-content\/uploads\/2023\/12\/2018-08-17-20.16.17-e1701467067926.jpg\"><img loading=\"lazy\" decoding=\"async\" class=\"size-medium wp-image-1919 aligncenter\" src=\"https:\/\/klangfestivalen.no\/wp-content\/uploads\/2023\/12\/2018-08-17-20.16.17-e1701467067926-225x300.jpg\" alt=\"2018-08-17 20.16.17\" width=\"225\" height=\"300\" srcset=\"https:\/\/klangfestivalen.no\/wp-content\/uploads\/2023\/12\/2018-08-17-20.16.17-e1701467067926-225x300.jpg 225w, https:\/\/klangfestivalen.no\/wp-content\/uploads\/2023\/12\/2018-08-17-20.16.17-e1701467067926-768x1024.jpg 768w\" sizes=\"auto, (max-width: 225px) 100vw, 225px\" \/><\/a><\/p>\n<p><a href=\"https:\/\/klangfestivalen.no\/wp-content\/uploads\/2023\/12\/2018-08-18-17.25.07-e1701467030632.jpg\"><img loading=\"lazy\" decoding=\"async\" class=\"wp-image-1921 aligncenter\" src=\"https:\/\/klangfestivalen.no\/wp-content\/uploads\/2023\/12\/2018-08-18-17.25.07-e1701467030632-225x300.jpg\" alt=\"2018-08-18 17.25.07\" width=\"230\" height=\"307\" srcset=\"https:\/\/klangfestivalen.no\/wp-content\/uploads\/2023\/12\/2018-08-18-17.25.07-e1701467030632-225x300.jpg 225w, https:\/\/klangfestivalen.no\/wp-content\/uploads\/2023\/12\/2018-08-18-17.25.07-e1701467030632-768x1024.jpg 768w\" sizes=\"auto, (max-width: 230px) 100vw, 230px\" \/><\/a><\/p>\n<p><a href=\"https:\/\/klangfestivalen.no\/wp-content\/uploads\/2023\/12\/2018-08-19-11.16.12-e1701467015218.jpg\"><img loading=\"lazy\" decoding=\"async\" class=\"alignnone size-medium wp-image-1922 aligncenter\" src=\"https:\/\/klangfestivalen.no\/wp-content\/uploads\/2023\/12\/2018-08-19-11.16.12-e1701467015218-225x300.jpg\" alt=\"2018-08-19 11.16.12\" width=\"225\" height=\"300\" srcset=\"https:\/\/klangfestivalen.no\/wp-content\/uploads\/2023\/12\/2018-08-19-11.16.12-e1701467015218-225x300.jpg 225w, https:\/\/klangfestivalen.no\/wp-content\/uploads\/2023\/12\/2018-08-19-11.16.12-e1701467015218-768x1024.jpg 768w\" sizes=\"auto, (max-width: 225px) 100vw, 225px\" \/><\/a><\/p>\n<p><a href=\"https:\/\/klangfestivalen.no\/wp-content\/uploads\/2023\/12\/2018-08-18-19.42.15-e1701466995380.jpg\"><img loading=\"lazy\" decoding=\"async\" class=\"size-medium wp-image-1923 aligncenter\" src=\"https:\/\/klangfestivalen.no\/wp-content\/uploads\/2023\/12\/2018-08-18-19.42.15-e1701466995380-225x300.jpg\" alt=\"2018-08-18 19.42.15\" width=\"225\" height=\"300\" srcset=\"https:\/\/klangfestivalen.no\/wp-content\/uploads\/2023\/12\/2018-08-18-19.42.15-e1701466995380-225x300.jpg 225w, https:\/\/klangfestivalen.no\/wp-content\/uploads\/2023\/12\/2018-08-18-19.42.15-e1701466995380-768x1024.jpg 768w\" sizes=\"auto, (max-width: 225px) 100vw, 225px\" \/><\/a><\/p>\n","protected":false},"excerpt":{"rendered":"<p>&nbsp; Den sjette Klangfestivalen 17-19. august var \u00e5ret med mange kulturskole-elever og liv [&hellip;]<\/p>\n","protected":false},"author":1,"featured_media":0,"parent":0,"menu_order":0,"comment_status":"closed","ping_status":"closed","template":"","meta":{"footnotes":""},"class_list":["post-1091","page","type-page","status-publish","hentry"],"_links":{"self":[{"href":"https:\/\/klangfestivalen.no\/index.php?rest_route=\/wp\/v2\/pages\/1091","targetHints":{"allow":["GET"]}}],"collection":[{"href":"https:\/\/klangfestivalen.no\/index.php?rest_route=\/wp\/v2\/pages"}],"about":[{"href":"https:\/\/klangfestivalen.no\/index.php?rest_route=\/wp\/v2\/types\/page"}],"author":[{"embeddable":true,"href":"https:\/\/klangfestivalen.no\/index.php?rest_route=\/wp\/v2\/users\/1"}],"replies":[{"embeddable":true,"href":"https:\/\/klangfestivalen.no\/index.php?rest_route=%2Fwp%2Fv2%2Fcomments&post=1091"}],"version-history":[{"count":17,"href":"https:\/\/klangfestivalen.no\/index.php?rest_route=\/wp\/v2\/pages\/1091\/revisions"}],"predecessor-version":[{"id":1934,"href":"https:\/\/klangfestivalen.no\/index.php?rest_route=\/wp\/v2\/pages\/1091\/revisions\/1934"}],"wp:attachment":[{"href":"https:\/\/klangfestivalen.no\/index.php?rest_route=%2Fwp%2Fv2%2Fmedia&parent=1091"}],"curies":[{"name":"wp","href":"https:\/\/api.w.org\/{rel}","templated":true}]}}