{"id":2704,"date":"2025-07-18T07:55:53","date_gmt":"2025-07-18T05:55:53","guid":{"rendered":"https:\/\/klangfestivalen.no\/?page_id=2704"},"modified":"2026-04-18T07:10:29","modified_gmt":"2026-04-18T05:10:29","slug":"billettar","status":"publish","type":"page","link":"https:\/\/klangfestivalen.no\/?page_id=2704","title":{"rendered":"Billettar"},"content":{"rendered":"\n<p>Billettar til arrangementa i V\u00e5g\u00f8y kyrkje vert lagt ut for sal p\u00e5 Hoopla 22.april.<br>Det er og mogleg \u00e5 kj\u00f8pe billettar i d\u00f8ra, kontant eller vipps.<\/p>\n\n\n\n<p>Ordin\u00e6r billett 350,- <br>Ungdom 13-26 \u00e5r fredag 250,- <br>Barn 0-12 \u00e5r gratis <br>Ledsager med bevis gratis<br>Festivalpass ordin\u00e6r fredag-laurdag 900,- <br>Dagspass ordin\u00e6r laurdag 600,- <br>Konsertgudsteneste s\u00f8ndag gratis<\/p>\n\n\n\n<p>Billettar til visning av Havfolket i Hoem grendahus<br>Ordin\u00e6r\/ungdom\/born kr 110,-<br>Ledsager med bevis gratis<br>Lenkje til Bygdekinoen for kj\u00f8p av billettar vil verte lagt ut seinare. F\u00f8lg med p\u00e5 Facebook-sida v\u00e5r.<\/p>\n\n\n\n<p>Det vil \u00f3g vere mogleg \u00e5 kj\u00f8pe billett i d\u00f8ra: vipps, kontant og kort.<\/p>\n","protected":false},"excerpt":{"rendered":"<p>Billettar til arrangementa i V\u00e5g\u00f8y kyrkje vert lagt ut for sal p\u00e5 Hoopla [&hellip;]<\/p>\n","protected":false},"author":1,"featured_media":0,"parent":0,"menu_order":0,"comment_status":"closed","ping_status":"closed","template":"","meta":{"footnotes":""},"class_list":["post-2704","page","type-page","status-publish","hentry"],"_links":{"self":[{"href":"https:\/\/klangfestivalen.no\/index.php?rest_route=\/wp\/v2\/pages\/2704","targetHints":{"allow":["GET"]}}],"collection":[{"href":"https:\/\/klangfestivalen.no\/index.php?rest_route=\/wp\/v2\/pages"}],"about":[{"href":"https:\/\/klangfestivalen.no\/index.php?rest_route=\/wp\/v2\/types\/page"}],"author":[{"embeddable":true,"href":"https:\/\/klangfestivalen.no\/index.php?rest_route=\/wp\/v2\/users\/1"}],"replies":[{"embeddable":true,"href":"https:\/\/klangfestivalen.no\/index.php?rest_route=%2Fwp%2Fv2%2Fcomments&post=2704"}],"version-history":[{"count":5,"href":"https:\/\/klangfestivalen.no\/index.php?rest_route=\/wp\/v2\/pages\/2704\/revisions"}],"predecessor-version":[{"id":2814,"href":"https:\/\/klangfestivalen.no\/index.php?rest_route=\/wp\/v2\/pages\/2704\/revisions\/2814"}],"wp:attachment":[{"href":"https:\/\/klangfestivalen.no\/index.php?rest_route=%2Fwp%2Fv2%2Fmedia&parent=2704"}],"curies":[{"name":"wp","href":"https:\/\/api.w.org\/{rel}","templated":true}]}}