{"id":418,"date":"2015-04-21T22:20:34","date_gmt":"2015-04-21T22:20:34","guid":{"rendered":"http:\/\/klangfestivalen.no\/?page_id=418"},"modified":"2025-06-09T06:32:25","modified_gmt":"2025-06-09T04:32:25","slug":"praktisk","status":"publish","type":"page","link":"https:\/\/klangfestivalen.no\/?page_id=418","title":{"rendered":"Praktisk"},"content":{"rendered":"<h3>Her er vi<\/h3>\n<p><strong>V\u00e5g\u00f8y kyrkje<\/strong> ligg 20 min med bil fr\u00e5 Molde, p\u00e5 Ytre Hoem i Hustadvika kommune, sj\u00e5 <a href=\"https:\/\/maps.app.goo.gl\/ictteFYSUP1gPxne9\">Google maps.\u00a0<\/a><\/p>\n<p>Fr\u00e5 Molde:\u00a0<br \/>Rv 662 vestover, retning Aukra<br \/>Etter ca 15 min, ta til venstre mot Jendem\/Hoem, Fv 228<br \/>Etter ca 5 min, ta til venstre mot V\u00e5g\u00f8y kyrkje<\/p>\n<p>Fr\u00e5 Elnesv\u00e5gen:<br \/>Rv 663 austover<br \/>Etter ca 5 min, ta til h\u00f8gre i rundk\u00f8yringa, Rv 64<br \/>Etter ca 5 min, ta av til h\u00f8gre mot Aukra\/Aureosen, Rv 662<br \/>Etter ca 10 min, ta av til h\u00f8gre mot Hoem, Fv 228, og til h\u00f8gre igjen<br \/>Etter ca 10 min, ta av til h\u00f8gre mot V\u00e5g\u00f8y kyrkje<\/p>\n<h3>Kontakt<\/h3>\n<p><a href=\"https:\/\/www.facebook.com\/pages\/Klangfestivalen-V%C3%A5g%C3%B8y\/1401636960100359?ref=ts&amp;fref=ts\" target=\"_blank\" rel=\"noopener\">Klangfestivalen p\u00e5 Facebook<\/a><\/p>\n<p>E-post: <a href=\"mailto:info@klangfestivalen.no\">info@klangfestivalen.no\u00a0<\/a><\/p>\n<h3>Mat og drikke<\/h3>\n<p>&nbsp;<\/p>\n<p>Matsalg mellom de to arrangementene p\u00e5 l\u00f8rdag.\u00a0<\/p>\n<p>N\u00e6raste spisestader er i Molde og Elnesv\u00e5gen.<br \/>N\u00e6raste matbutikk er p\u00e5 Hollingen 10 minutter med bil fr\u00e5 kyrkja.<\/p>\n<h3>Transport<\/h3>\n<p>Fr\u00e6na Taxi<br \/>tlf +47\u00a071 26 70 00<\/p>\n<p>Molde Taxi<br \/>tlf +47\u00a071 25 28 11<\/p>\n\n\n<p><\/p>\n","protected":false},"excerpt":{"rendered":"<p>Her er vi V\u00e5g\u00f8y kyrkje ligg 20 min med bil fr\u00e5 Molde, p\u00e5 [&hellip;]<\/p>\n","protected":false},"author":1,"featured_media":0,"parent":0,"menu_order":0,"comment_status":"closed","ping_status":"open","template":"","meta":{"footnotes":""},"class_list":["post-418","page","type-page","status-publish","hentry"],"_links":{"self":[{"href":"https:\/\/klangfestivalen.no\/index.php?rest_route=\/wp\/v2\/pages\/418","targetHints":{"allow":["GET"]}}],"collection":[{"href":"https:\/\/klangfestivalen.no\/index.php?rest_route=\/wp\/v2\/pages"}],"about":[{"href":"https:\/\/klangfestivalen.no\/index.php?rest_route=\/wp\/v2\/types\/page"}],"author":[{"embeddable":true,"href":"https:\/\/klangfestivalen.no\/index.php?rest_route=\/wp\/v2\/users\/1"}],"replies":[{"embeddable":true,"href":"https:\/\/klangfestivalen.no\/index.php?rest_route=%2Fwp%2Fv2%2Fcomments&post=418"}],"version-history":[{"count":48,"href":"https:\/\/klangfestivalen.no\/index.php?rest_route=\/wp\/v2\/pages\/418\/revisions"}],"predecessor-version":[{"id":2532,"href":"https:\/\/klangfestivalen.no\/index.php?rest_route=\/wp\/v2\/pages\/418\/revisions\/2532"}],"wp:attachment":[{"href":"https:\/\/klangfestivalen.no\/index.php?rest_route=%2Fwp%2Fv2%2Fmedia&parent=418"}],"curies":[{"name":"wp","href":"https:\/\/api.w.org\/{rel}","templated":true}]}}