{"id":586,"date":"2016-05-08T18:34:02","date_gmt":"2016-05-08T18:34:02","guid":{"rendered":"http:\/\/klangfestivalen.no\/?page_id=586"},"modified":"2017-04-15T13:16:22","modified_gmt":"2017-04-15T13:16:22","slug":"program-2","status":"publish","type":"page","link":"https:\/\/klangfestivalen.no\/?page_id=586","title":{"rendered":"Program 2016"},"content":{"rendered":"<h4 class=\"p1\"><strong><br \/>\nFredag 12. august<\/strong><\/h4>\n<p class=\"p1\"><strong><br \/>\n18:00 \u00c5pning p\u00e5 kirkebakken<\/strong><br \/>\nPoet Niels Fredrik Dahl med ny prolog, riksantikvar J\u00f8rn Holme<br \/>\nmed gamle fortellinger, Hanne Marit Iversen med sanger fra Romsdal. Kaffe i sol. Gratis.<\/p>\n<p class=\"p1\"><strong>19:00 Kvernberg!<\/strong><br \/>\nJorun Marie Kvernberg og Ola Kvernberg i sjeldent duoformat.<br \/>\nKort pause med p\u00e5t\u00e5r, f\u00f8r<\/p>\n<p class=\"p1\"><strong>20:00 Bl\u00e5s mot natt<\/strong><br \/>\nAndr\u00e9 Roligheten, Hayden Powell.<\/p>\n<h4><strong><br \/>\nL\u00f8rdag 13. august<\/strong><\/h4>\n<p class=\"p1\"><strong><br \/>\n13:00 Det vilde kor<\/strong><br \/>\nKnut Hamsuns dikt og Knut Anders Vestads musikk.<br \/>\nBeate Mordal, Hayden Powell, Edvard Hoem, Knut Anders Vestad.<\/p>\n<p class=\"p1\"><strong>14:30 Intimkonsert p\u00e5 Bortehaugen<\/strong><br \/>\nEllen Andrea Wang p\u00e5 kloss hold.<br \/>\nEnkel lunsj NB! Kontant.<\/p>\n<p class=\"p1\"><strong>16:30 Med Sting!<\/strong><br \/>\nMalvin N\u00f8sen, Ellen Andrea Wang, Beate Mordal og festivalens artister\u00a0graver i den mangfoldige l\u00e5tskriverens skattkiste.<\/p>\n<p class=\"p1\">18:00 Suppe NB! Kontant.<\/p>\n<p class=\"p1\"><strong>19:00 Livets store stunder<\/strong><br \/>\nEdvard Hoem\u00a0med nye dikt og sanger, og Dag-Filip Roaldsnes, Ellen Andrea Wang, Hanna Paulsberg, Hilde Brunsvik og Tore Sandbakken.<\/p>\n<h4><strong><br \/>\nS\u00f8ndag 14. august<\/strong><\/h4>\n<p class=\"p1\"><strong><br \/>\n12:00 Konsertgudstjeneste<\/strong><br \/>\nB\u00e5de konsert og gudstjeneste, p\u00e5 jazzm\u00e5ten.<br \/>\nDag-Filip Roaldsnes, Ellen Andrea Wang, Hanna Paulsberg, Knut Anders Vestad, Tore Sandbakken. Olav Dag Hauge og Maria Vassli Gj\u00e6re er liturger. Gratis.<\/p>\n<p>13:00 Kirkekaffe\/lunsj NB! Kontant.<\/p>\n<p class=\"p1\"><strong>14:00 Hennings beste<\/strong><br \/>\nHenning Sommerro med venner, gjester, kor og mange perler p\u00e5 repertoaret.<\/p>\n","protected":false},"excerpt":{"rendered":"<p>Fredag 12. august 18:00 \u00c5pning p\u00e5 kirkebakken Poet Niels Fredrik Dahl med ny [&hellip;]<\/p>\n","protected":false},"author":1,"featured_media":0,"parent":0,"menu_order":0,"comment_status":"closed","ping_status":"closed","template":"","meta":{"footnotes":""},"class_list":["post-586","page","type-page","status-publish","hentry"],"_links":{"self":[{"href":"https:\/\/klangfestivalen.no\/index.php?rest_route=\/wp\/v2\/pages\/586","targetHints":{"allow":["GET"]}}],"collection":[{"href":"https:\/\/klangfestivalen.no\/index.php?rest_route=\/wp\/v2\/pages"}],"about":[{"href":"https:\/\/klangfestivalen.no\/index.php?rest_route=\/wp\/v2\/types\/page"}],"author":[{"embeddable":true,"href":"https:\/\/klangfestivalen.no\/index.php?rest_route=\/wp\/v2\/users\/1"}],"replies":[{"embeddable":true,"href":"https:\/\/klangfestivalen.no\/index.php?rest_route=%2Fwp%2Fv2%2Fcomments&post=586"}],"version-history":[{"count":12,"href":"https:\/\/klangfestivalen.no\/index.php?rest_route=\/wp\/v2\/pages\/586\/revisions"}],"predecessor-version":[{"id":796,"href":"https:\/\/klangfestivalen.no\/index.php?rest_route=\/wp\/v2\/pages\/586\/revisions\/796"}],"wp:attachment":[{"href":"https:\/\/klangfestivalen.no\/index.php?rest_route=%2Fwp%2Fv2%2Fmedia&parent=586"}],"curies":[{"name":"wp","href":"https:\/\/api.w.org\/{rel}","templated":true}]}}